{"id":13847,"date":"2025-09-26T16:12:17","date_gmt":"2025-09-26T13:12:17","guid":{"rendered":"https:\/\/thecey.com\/?post_type=product&#038;p=13847"},"modified":"2025-11-18T16:02:45","modified_gmt":"2025-11-18T13:02:45","slug":"haftalik-ajanda","status":"publish","type":"product","link":"https:\/\/thecey.com\/en\/urunler\/haftalik-ajanda\/","title":{"rendered":"Ajanda-Week"},"content":{"rendered":"<div class=\"wpb_text_column\">\n<div class=\"wpb_wrapper\">\n<p><strong>\u00dcr\u00fcn \u00d6zellikleri<\/strong><\/p>\n<\/div>\n<\/div>\n<div class=\"w-post-elm post_content us_custom_1b04de86 without_sections\">\n<p>-Thermo Deri<br \/>\n-Haftal\u0131k Ajanda<br \/>\n-20\u00d728 cm<br \/>\n-90 gr Ivory Ka\u011f\u0131t<br \/>\n-144 Sayfa<br \/>\n-Tek Renk Ofset Bask\u0131<br \/>\n-S\u0131cak Bask\u0131,UV Bask\u0131<\/p>\n<\/div>\n","protected":false},"excerpt":{"rendered":"<p>\u00dcr\u00fcn \u00d6zellikleri -Thermo Deri -Haftal\u0131k Ajanda -20\u00d728 cm -90 gr Ivory Ka\u011f\u0131t -144 Sayfa -Tek Renk Ofset Bask\u0131 -S\u0131cak Bask\u0131,UV Bask\u0131<\/p>\n","protected":false},"featured_media":13848,"comment_status":"open","ping_status":"closed","template":"","meta":[],"product_brand":[],"product_cat":[2275],"product_tag":[],"class_list":{"0":"post-13847","1":"product","2":"type-product","3":"status-publish","4":"has-post-thumbnail","6":"product_cat-thecey-stok-urunler","8":"first","9":"instock","10":"shipping-taxable","11":"product-type-simple"},"_links":{"self":[{"href":"https:\/\/thecey.com\/en\/wp-json\/wp\/v2\/product\/13847\/"}],"collection":[{"href":"https:\/\/thecey.com\/en\/wp-json\/wp\/v2\/product\/"}],"about":[{"href":"https:\/\/thecey.com\/en\/wp-json\/wp\/v2\/types\/product\/"}],"replies":[{"embeddable":true,"href":"https:\/\/thecey.com\/en\/wp-json\/wp\/v2\/comments\/?post=13847"}],"wp:featuredmedia":[{"embeddable":true,"href":"https:\/\/thecey.com\/en\/wp-json\/wp\/v2\/media\/13848\/"}],"wp:attachment":[{"href":"https:\/\/thecey.com\/en\/wp-json\/wp\/v2\/media\/?parent=13847"}],"wp:term":[{"taxonomy":"product_brand","embeddable":true,"href":"https:\/\/thecey.com\/en\/wp-json\/wp\/v2\/product_brand\/?post=13847"},{"taxonomy":"product_cat","embeddable":true,"href":"https:\/\/thecey.com\/en\/wp-json\/wp\/v2\/product_cat\/?post=13847"},{"taxonomy":"product_tag","embeddable":true,"href":"https:\/\/thecey.com\/en\/wp-json\/wp\/v2\/product_tag\/?post=13847"}],"curies":[{"name":"wp","href":"https:\/\/api.w.org\/{rel}","templated":true}]}}

<div class="wpb_text_column">
<div class="wpb_wrapper">
<p><strong>Ürün Özellikleri</strong></p>
</div>
</div>
<div class="w-post-elm post_content us_custom_1b04de86 without_sections">
<p>-Thermo Deri<br />
-Haftalık Ajanda<br />
-20×28 cm<br />
-90 gr Ivory Kağıt<br />
-144 Sayfa<br />
-Tek Renk Ofset Baskı<br />
-Sıcak Baskı,UV Baskı</p>
</div>

<p>Ürün Özellikleri -Thermo Deri -Haftalık Ajanda -20×28 cm -90 gr Ivory Kağıt -144 Sayfa -Tek Renk Ofset Baskı -Sıcak Baskı,UV Baskı</p>
