{"id":13841,"date":"2025-09-12T09:53:50","date_gmt":"2025-09-12T06:53:50","guid":{"rendered":"https:\/\/thecey.com\/urunler\/seyahat-adaptoru\/"},"modified":"2026-04-30T15:26:54","modified_gmt":"2026-04-30T12:26:54","slug":"seyahat-adaptoru","status":"publish","type":"product","link":"https:\/\/thecey.com\/en\/urunler\/seyahat-adaptoru\/","title":{"rendered":"SEYAHAT ADAPT\u00d6R\u00dc"},"content":{"rendered":"<p>\u00dcr\u00fcn Ebad\u0131 : 5,5 x 7,6 x 5,3 cm<br \/>Y\u00fcksek Performansl\u0131 Seyahat Adapt\u00f6r\u00fc<br \/>USB + Type-C + PD \u00c7\u0131k\u0131\u015f<br \/>Dahili Global Priz Ba\u015fl\u0131k ve Yuvalar\u0131<br \/>45W Y\u00fcksek Performans<br \/>3 Adet USB C + 2 Adet USB A<\/p>\n","protected":false},"excerpt":{"rendered":"<p>\u00dcr\u00fcn Ebad\u0131 : 5,5 x 7,6 x 5,3 cmY\u00fcksek Performansl\u0131 Seyahat Adapt\u00f6r\u00fcUSB + Type-C + PD \u00c7\u0131k\u0131\u015fDahili Global Priz Ba\u015fl\u0131k ve Yuvalar\u013145W Y\u00fcksek Performans3 Adet USB C + 2 Adet USB A<\/p>\n","protected":false},"featured_media":13842,"comment_status":"open","ping_status":"closed","template":"","meta":[],"product_brand":[],"product_cat":[2275],"product_tag":[],"class_list":{"0":"post-13841","1":"product","2":"type-product","3":"status-publish","4":"has-post-thumbnail","6":"product_cat-thecey-stok-urunler","8":"first","9":"instock","10":"shipping-taxable","11":"purchasable","12":"product-type-simple"},"_links":{"self":[{"href":"https:\/\/thecey.com\/en\/wp-json\/wp\/v2\/product\/13841\/"}],"collection":[{"href":"https:\/\/thecey.com\/en\/wp-json\/wp\/v2\/product\/"}],"about":[{"href":"https:\/\/thecey.com\/en\/wp-json\/wp\/v2\/types\/product\/"}],"replies":[{"embeddable":true,"href":"https:\/\/thecey.com\/en\/wp-json\/wp\/v2\/comments\/?post=13841"}],"wp:featuredmedia":[{"embeddable":true,"href":"https:\/\/thecey.com\/en\/wp-json\/wp\/v2\/media\/13842\/"}],"wp:attachment":[{"href":"https:\/\/thecey.com\/en\/wp-json\/wp\/v2\/media\/?parent=13841"}],"wp:term":[{"taxonomy":"product_brand","embeddable":true,"href":"https:\/\/thecey.com\/en\/wp-json\/wp\/v2\/product_brand\/?post=13841"},{"taxonomy":"product_cat","embeddable":true,"href":"https:\/\/thecey.com\/en\/wp-json\/wp\/v2\/product_cat\/?post=13841"},{"taxonomy":"product_tag","embeddable":true,"href":"https:\/\/thecey.com\/en\/wp-json\/wp\/v2\/product_tag\/?post=13841"}],"curies":[{"name":"wp","href":"https:\/\/api.w.org\/{rel}","templated":true}]}}

SEYAHAT ADAPTÖRÜ

<p>Ürün Ebadı : 5,5 x 7,6 x 5,3 cm<br />Yüksek Performanslı Seyahat Adaptörü<br />USB + Type-C + PD Çıkış<br />Dahili Global Priz Başlık ve Yuvaları<br />45W Yüksek Performans<br />3 Adet USB C + 2 Adet USB A</p>

<p>Ürün Ebadı : 5,5 x 7,6 x 5,3 cmYüksek Performanslı Seyahat AdaptörüUSB + Type-C + PD ÇıkışDahili Global Priz Başlık ve Yuvaları45W Yüksek Performans3 Adet USB C + 2 Adet USB A</p>
