{"id":10460,"date":"2025-05-12T10:04:31","date_gmt":"2025-05-12T07:04:31","guid":{"rendered":"https:\/\/thecey.com\/?post_type=product&#038;p=10460"},"modified":"2025-05-12T10:04:33","modified_gmt":"2025-05-12T07:04:33","slug":"cok-fonksiyonlu-pense","status":"publish","type":"product","link":"https:\/\/thecey.com\/en\/urunler\/cok-fonksiyonlu-pense\/","title":{"rendered":"\u00c7OK FONKS\u0130YONLU PENSE"},"content":{"rendered":"<p>Her an her yerde yan\u0131nda ta\u015f\u0131yabilece\u011fin, fonksiyonelli\u011fi ve \u015f\u0131kl\u0131\u011f\u0131 bir araya getiren kompakt \u00e7\u00f6z\u00fcm!<\/p>\n<p>\u2705 \u00d6l\u00e7\u00fc: 10,5 x 4,2 cm (kapal\u0131 hali)<br \/>\n\u2705 Renk: \u015e\u0131k ve sade siyah<br \/>\n\u2705 1. S\u0131n\u0131f Malzeme: Dayan\u0131kl\u0131, uzun \u00f6m\u00fcrl\u00fc kullan\u0131m<br \/>\n\u2705 E\u015fsiz Kilitli Mekanizma: G\u00fcvenli kullan\u0131m i\u00e7in \u00f6zel tasar\u0131m<br \/>\n\u2705 Fonksiyonlar: Tornavida, pense, testere, b\u0131\u00e7ak ve daha fazlas\u0131<br \/>\n\u2705 \u00d6zel Ta\u015f\u0131ma K\u0131l\u0131f\u0131: Kolay ve g\u00fcvenli ta\u015f\u0131ma<\/p>\n<p>Do\u011fa aktivitelerinden g\u00fcnl\u00fck tamir i\u015flerine kadar bir\u00e7ok alanda hayat kurtaran bu alet, hem profesyoneller hem de outdoor tutkunlar\u0131 i\u00e7in vazge\u00e7ilmez olacak!<\/p>\n","protected":false},"excerpt":{"rendered":"<p>Her an her yerde yan\u0131nda ta\u015f\u0131yabilece\u011fin, fonksiyonelli\u011fi ve \u015f\u0131kl\u0131\u011f\u0131 bir araya getiren kompakt \u00e7\u00f6z\u00fcm! \u2705 \u00d6l\u00e7\u00fc: 10,5 x 4,2 cm (kapal\u0131 hali) \u2705 Renk: \u015e\u0131k ve sade siyah \u2705 1. S\u0131n\u0131f Malzeme: Dayan\u0131kl\u0131, uzun \u00f6m\u00fcrl\u00fc kullan\u0131m \u2705 E\u015fsiz Kilitli Mekanizma: G\u00fcvenli kullan\u0131m i\u00e7in \u00f6zel tasar\u0131m \u2705 Fonksiyonlar: Tornavida, pense, testere, b\u0131\u00e7ak ve daha fazlas\u0131 \u2705&#8230; Devam\u0131<\/p>\n","protected":false},"featured_media":10456,"comment_status":"open","ping_status":"closed","template":"","meta":[],"product_brand":[],"product_cat":[15],"product_tag":[],"class_list":{"0":"post-10460","1":"product","2":"type-product","3":"status-publish","4":"has-post-thumbnail","6":"product_cat-cikolata","8":"first","9":"instock","10":"shipping-taxable","11":"product-type-simple"},"_links":{"self":[{"href":"https:\/\/thecey.com\/en\/wp-json\/wp\/v2\/product\/10460\/"}],"collection":[{"href":"https:\/\/thecey.com\/en\/wp-json\/wp\/v2\/product\/"}],"about":[{"href":"https:\/\/thecey.com\/en\/wp-json\/wp\/v2\/types\/product\/"}],"replies":[{"embeddable":true,"href":"https:\/\/thecey.com\/en\/wp-json\/wp\/v2\/comments\/?post=10460"}],"wp:featuredmedia":[{"embeddable":true,"href":"https:\/\/thecey.com\/en\/wp-json\/wp\/v2\/media\/10456\/"}],"wp:attachment":[{"href":"https:\/\/thecey.com\/en\/wp-json\/wp\/v2\/media\/?parent=10460"}],"wp:term":[{"taxonomy":"product_brand","embeddable":true,"href":"https:\/\/thecey.com\/en\/wp-json\/wp\/v2\/product_brand\/?post=10460"},{"taxonomy":"product_cat","embeddable":true,"href":"https:\/\/thecey.com\/en\/wp-json\/wp\/v2\/product_cat\/?post=10460"},{"taxonomy":"product_tag","embeddable":true,"href":"https:\/\/thecey.com\/en\/wp-json\/wp\/v2\/product_tag\/?post=10460"}],"curies":[{"name":"wp","href":"https:\/\/api.w.org\/{rel}","templated":true}]}}

ÇOK FONKSİYONLU PENSE

<p>Her an her yerde yanında taşıyabileceğin, fonksiyonelliği ve şıklığı bir araya getiren kompakt çözüm!</p>
<p>✅ Ölçü: 10,5 x 4,2 cm (kapalı hali)<br />
✅ Renk: Şık ve sade siyah<br />
✅ 1. Sınıf Malzeme: Dayanıklı, uzun ömürlü kullanım<br />
✅ Eşsiz Kilitli Mekanizma: Güvenli kullanım için özel tasarım<br />
✅ Fonksiyonlar: Tornavida, pense, testere, bıçak ve daha fazlası<br />
✅ Özel Taşıma Kılıfı: Kolay ve güvenli taşıma</p>
<p>Doğa aktivitelerinden günlük tamir işlerine kadar birçok alanda hayat kurtaran bu alet, hem profesyoneller hem de outdoor tutkunları için vazgeçilmez olacak!</p>

<p>Her an her yerde yanında taşıyabileceğin, fonksiyonelliği ve şıklığı bir araya getiren kompakt çözüm! ✅ Ölçü: 10,5 x 4,2 cm (kapalı hali) ✅ Renk: Şık ve sade siyah ✅ 1. Sınıf Malzeme: Dayanıklı, uzun ömürlü kullanım ✅ Eşsiz Kilitli Mekanizma: Güvenli kullanım için özel tasarım ✅ Fonksiyonlar: Tornavida, pense, testere, bıçak ve daha fazlası ✅&#8230; Devamı</p>
